) = r**3 - 4*r**2 - 11*r + 8. Let z(g) = -5*c(g) - 4*s(g). Determine z(5).
6
Let d be 1 + 0 + -2 + 1. Suppose -4*n + d*n - p - 24 = 0, -12 = 3*p. Let b(m) = 4*m + 5*m + 7 + m**3 + 6*m**2 - 3*m. Calculate b(n).
2
Let x(a) = -2*a + 2. Let h(m) = m**3 + 7*m**2 + m + 4. Let v be h(-7). Let k be (-4)/(-2) + -1 + v. Determine x(k).
6
Suppose 4*d + 13 = -h, -d - 2*d + 2*h - 7 = 0. Let y be 0/(2 - (1 - 0)). Let w(m) = -2*m**3 - 3*m**2 + y*m**2 + m**3 - 3 - m**2 - 5*m. Give w(d).
3
Let j(s) = 0*s**2 - 1 + 0*s**3 - s**3 + 0*s**3 + 4*s**2 - 4*s. Give j(3).
-4
Let b(s) be the second derivative of -s**5/10 + s**4/6 + s**3/6 + s**2 - 15*s. Determine b(2).
-4
Let u(v) = 4*v**3 + 3*v**3 - 6*v**3 - 4 + 2*v - 2*v**2. Suppose m - n - 3 = 0, 3*n = -3*m + 8*n + 9. Give u(m).
11
Let m(y) be the first derivative of y**3/3 - y - 1. Let c = -1 + 5. Suppose 2 = c*j - 2. Determine m(j).
0
Let a(g) = 5 + 7*g + 1 + g**3 - 2 + 0*g**3 - 7*g**2. Let v(c) = c - 1. Let l(u) = -a(u) + 3*v(u). Give l(6).
5
Let y(b) = -1 + 3*b + 4*b**2 - 2 - 3*b**2. Let n be (1 - 0) + -4 + 5. Suppose 3*x - n = 4. Determine y(x).
7
Let f(x) be the third derivative of x**5/60 - x**4/8 - x**3/2 + 4*x**2 - x. Give f(5).
7
Suppose 1 = -4*x - 11. Let c(u) be the third derivative of 2*u**2 + 0 + 1/12*u**4 + 1/20*u**5 + 0*u + 1/120*u**6 - 1/2*u**3. Give c(x).
-9
Let a(f) be the second derivative of -f**3/6 - f**2/2 - 2*f. Let p be a(-1). Let m(z) = p + 7*z - 1 + 0. Determine m(1).
6
Let j = 1 - -1. Let u(v) = 6*v + v**3 + v**3 + 0*v**3 - v**3 + 6*v**2 - j. Give u(-5).
-7
Let g(z) be the third derivative of -1/6*z**3 + 0*z**4 + 0*z + 1/60*z**6 + 0 + 0*z**5 + z**2. Determine g(-1).
-3
Suppose 4*q - 3*u = 10, -2*q + 12 = 2*q - 2*u. Let o(w) = -3 + 8*w**3 + 1 + q*w**2 - 9*w**3. Determine o(4).
-2
Suppose 4*y + 4 = -0. Let j(u) be the second derivative of -7*u**6/360 - u**5/120 + 7*u**3/6 - u. Let d(w) be the second derivative of j(w). Calculate d(y).
-6
Suppose -2*m - s + 14 = 2*m, 25 = 5*m + 5*s. Let a(j) = 4*j**2 - 2*j - 3. Determine a(m).
27
Let k(i) = 4*i. Let f be k(1). Let h(t) = -f + 6 + 3 - t. Let s(z) = -z + 4. Let y be s(0). Determine h(y).
1
Let u(d) = -d + 2. Suppose 4*q + x = q - 8, 4*x = -8. Give u(q).
4
Let n = 13 - 4. Suppose 2*i = h - 5*h + 40, 0 = 2*h + 3*i - 24. Let b(u) = -1 + n*u + 6*u**2 - h*u. Give b(1).
5
Suppose -2*f + 9 = -m, -4*f + 2*f + 4*m + 24 = 0. Suppose 2*l + 24 = 4*y, f*y - 6 - 18 = 3*l. Let j(p) = -p**3 - 5*p**2 + 6*p - 4. Determine j(l).
-4
Suppose 5*j = 59 - 14. Let b(y) = -y + 5. Let f be b(j). Let v(s) = -9*s - 12. Let w(g) = 3*g + 4. Let x(u) = -4*v(u) - 11*w(u). Calculate x(f).
-8
Let o(b) = b. Let k be -2 + -5*(-12)/10. What is o(k)?
4
Let h(w) = -w - 7. Let p be h(-7). Suppose 0 = -4*j - 12, 4*r - j + p - 3 = 0. Let k(z) = 3 + 4 - 4*z + 3*z. Calculate k(r).
7
Suppose -u - 4*c = -4, -2*u + 4*c = 3*u + 28. Let i = 5 + u. Let d(y) = y**3 + y**2 + y - 1. Give d(i).
2
Let v(z) = -z + 7. Let i(m) = m**2 + m - 1. Let p be i(2). Let t be v(p). Let n(w) = w**3 - 2*w**2 + 2. What is n(t)?
2
Let n(a) = -a**3 - 9*a**2. Let f be n(-9). Let k(o) = -2*o - 7. Let u be k(-6). Let v(x) = 1 + u*x**2 - 14*x**2 + 8*x**2. Calculate v(f).
1
Suppose -3*p = -2*p - 2. Suppose 4*x + 4*h - 21 = -x, 0 = 3*h + 3. Let k(t) = -t**3 + 2 + 2*t + t**2 - x + 1 + 0. Calculate k(p).
-2
Let i(x) = x. Let o = -38 - -35. Determine i(o).
-3
Suppose 8*l + 3 = 5*l. Let w(j) = -2*j + 6*j**3 + j**3 + j. Give w(l).
-6
Let k = 41 - 17. Suppose 2*z - 24 = 3*n + 3*z, -3*n + 4*z = k. Let c = -5 - n. Let p(g) = -2*g**2 + 5*g - 3. Determine p(c).
-6
Suppose 0*r - 3 = r - 3*p, -3*p + 3 = 3*r. Let s(i) = 7 + 13*i - 12*i - 12. Give s(r).
-5
Suppose -c = -5*m + 18, -m = 5*c + 4 + 8. Let y(t) = 4*t - 1. Let v(l) = 3*l - 2. Let r(q) = c*v(q) + 2*y(q). Let k(d) = d + 3. Let z be k(-3). Calculate r(z).
4
Suppose 4*i = 4*h - 20, 0 = h + 2*h - 5*i - 21. Let t(l) = 7 + 7*l**3 - 12*l**3 + 4*l**3 - l + 5*l**h. Calculate t(5).
2
Let j(y) = y**3 + 4*y**2 + y. Let n(l) = l + 9. Let b be n(-9). Let s = b + -3. Determine j(s).
6
Let f(b) = -2*b - 2. Let h(m) = 3*m - 21. Let q be h(8). What is f(q)?
-8
Suppose -16 = -4*o + 56. Let u = -13 + o. Suppose -r - 15 = 3*i, -u*r = -i - i + 7. Let g(h) = -h**3 - 3*h**2 + 5*h + 5. Determine g(i).
1
Let k = 4 + -7. Let h(t) = -2*t**3 - 4 + 6*t**2 - 2*t**2 + 3*t**3. Determine h(k).
5
Let u(i) = 3*i - 7. Let k be u(3). Let g(x) = -2*x. Give g(k).
-4
Let q = -30 - -32. Let h(r) be the second derivative of -r**6/180 + r**5/40 - r**3/6 + 2*r. Let m(g) be the second derivative of h(g). What is m(q)?
-2
Let o(y) = 2*y. Let d(i) = i**3 + 9*i**2 + 8*i + 3. Let t be d(-8). Let f be ((-2)/t)/((-2)/(-3)). What is o(f)?
-2
Suppose -6 = -6*l + 3*l. Let t(j) = j**3 - 2*j**2 - 1. Give t(l).
-1
Suppose -3*i + q + 16 = 0, -7*i - 2*q + 12 = -2*i. Let f(o) = -i - o + 0 + 7. What is f(-3)?
6
Let r(w) be the first derivative of -5*w**3/6 + 3*w**2/2 - 2*w + 2. Let f(c) be the first derivative of r(c). Determine f(2).
-7
Let q(c) = c + 5. Let f be (1 + -1)*(-2)/(-4). Suppose -5*o + 0*o - 19 = -3*v, 2*o - 5*v = f. What is q(o)?
0
Suppose -16 = -4*j - 0. Let d(z) = 5*z**3 + 4*z**2 - 3*z + 1. Let n(a) = -a**3 - a**2. Let p(u) = j*n(u) + d(u). Determine p(2).
3
Let x(y) be the first derivative of 3*y**2/2 + 7*y - 5. Determine x(-5).
-8
Let n = 7 + -21. Let l = n - -34. Let v be (2/4)/((-2)/l). Let r(m) = -m - 5. What is r(v)?
0
Let t(c) = c**3 + 5*c**2 - 7*c - 4. Let a be t(-6). Let k = 4 - a. Let z(u) = -2*u**3 + u**2 + 2*u. What is z(k)?
-8
Let q(t) be the first derivative of 4*t + 1/3*t**3 + 4 + 3*t**2. Let m be (-1 - (0 - -3)) + -2. Give q(m).
4
Suppose 2*n - 4*n = -2. Suppose -y - 9 = -4*y. Let s(g) = 2 - 5 + y - n + 2*g. What is s(1)?
1
Let q(r) = -r**2 + r. Let d(g) = -10*g**2 - 7*g - 1. Let z(a) = -d(a) - 6*q(a). What is z(-1)?
16
Let t(p) be the first derivative of -p**3/6 + 2*p**2 + 3*p + 1. Let r(d) be the first derivative of t(d). What is r(3)?
1
Let y be ((-74)/(-6) + (-3)/9)/2. Let x(z) be the second derivative of -z**5/20 + 5*z**4/12 + 2*z**3/3 + 4*z**2 - z. Calculate x(y).
-4
Let w(m) be the third derivative of -m**5/120 - 5*m**4/24 - 5*m**3/6 - 5*m**2. Let c(a) be the first derivative of w(a). Calculate c(0).
-5
Suppose -5*w + 15 = 0, 3*p - 6*p - 9 = 3*w. Let g(s) = -s**2 - 5*s + 1. Determine g(p).
-5
Let y be (-4)/14 + (-69)/(-21). Let j(z) be the first derivative of z**2 + z + 1/3*z**y + 3. Determine j(-3).
4
Let q be (1*-2)/((-4)/(-6)). Suppose -z + 2*m + 1 = 0, z + 5*m + 4 = 2*m. Let y = z - q. Let d(i) = -2*i - 2. Determine d(y).
-6
Suppose 0 = t + 3*f - 12, t - 4*f = -3*t. Let k(n) = t*n - 4*n**3 - n**3 + 1 - 5*n**2 + 6*n**3. Suppose -12 + 0 = -3*i. Calculate k(i).
-3
Let z(v) be the third derivative of -v**6/120 - 3*v**5/20 - v**4/3 + v**3/2 - 15*v**2. Determine z(-8).
3
Let g be ((-4)/(-1 - 1))/2. Let m(r) be the second derivative of 3*r**5/10 - r**4/6 + r**2/2 + 2*r. Calculate m(g).
5
Suppose -5*b = -b. Let g(z) = 3*z + 12 - 2*z - 4*z + 4*z. Give g(b).
12
Let g(p) = -2*p**3 + p**2 - p + 5. Let h(k) = k**3 + 1. Let v(q) = -g(q) - 3*h(q). Give v(0).
-8
Let f(z) be the third derivative of z**4/24 + 2*z**3/3 - 18*z**2. Calculate f(-5).
-1
Let b(g) = -g**2 - 9*g - 8. Suppose 4*k = -9 - 19. Calculate b(k).
6
Let l(p) = p**2 - p - 1. Let j(z) = z**2 + z - 10. Let w be j(-5). Let q be (w/5)/(1 + 1). Determine l(q).
-1
Let u(g) = -4*g**3 - 4*g**2 + 4*g + 2. Let v(s) = s - 16. Let c be v(11). Let b(j) = -7*j**3 - 7*j**2 + 7*j + 4. Let i(w) = c*u(w) + 3*b(w). Calculate i(0).
2
Let q(t) = 6*t + 5. Let w = -3 - -7. Let s(o) = 5*o + 5. Let a(m) = w*s(m) - 3*q(m). Let g = 31 - 36. What is a(g)?
-5
Suppose 0 = q - 2*k - 8, 5*k = -q + k - 10. Let u(h) be the first derivative of -1 - 3*h**2 - 2 + q. Calculate u(1).
-6
Let c(p) = 3*p**2 - 7*p + 1. Let k(l) = 2*l**2 - 4*l + 1. Let m(a) = 3*c(a) - 5*k(a). Calculate m(-2).
-4
Let k = -19 + 27. Let b(s) = -s**2 + 7*s + 11. Let z be b(k). Let x(p) = p**2 - 2*p - 2. Calculate x(z).
1
Let q(a) = -3*a + 7. Let k(v) = -2*v + 3. Let y(u) = -5*k(u) + 3*q(u). What is y(-6)?
0
Let d(v) be the second derivative of 0 + 9*v + 2/3*v**3 - 1/2*v**2 - 1/4*v**4 - 1/20*v**5. Determine d(-4).
-1
Let a(g) = g**3 - 4*g**2 - 7*g. Suppose -3 = -v + 2. What is a(v)?
-10
Let v(s) = -s**2 + 8